= r*c(g) - 5*a(g). Let q be (-23 - -19)*(0 + 1). Calculate o(q).
-9
Let c be (-1)/(-3)*78/(-13). Let f(m) = -7*m - 2. Give f(c).
12
Let g be (4 - -13) + -6 + -5. Let c(l) = l**2 - 2*l + 9. Determine c(g).
33
Let j be -3 - (24 - -1)/(-5). Let k(p) = -4*p - 14*p**2 + p + 15*p**2 - 2 + j*p. Determine k(5).
18
Suppose 22*c - 15 = -213. Let q(t) = t + 8. Calculate q(c).
-1
Suppose 5*w = -3*b + 20, -2*w + 4*w + b = 7. Let n(z) be the third derivative of -7*z**6/60 + z**5/60 + 17*z**2 + 15. What is n(w)?
-13
Let i(r) be the third derivative of -1/24*r**4 - 7/3*r**3 + 3*r**2 + 0*r + 0. Let y be (-6)/(-7)*(0 + -7). What is i(y)?
-8
Let s(i) = 8*i + 4*i - 2 + 7*i - 17*i. Give s(-9).
-20
Let m(p) = 6 - 26*p + 15*p + 10*p. Let g = 11 - 6. Give m(g).
1
Suppose 0 = -5*z - 4*z + 36. Let c(m) = 4*m - 2 - 4*m + 3*m - z*m. Calculate c(0).
-2
Let y(w) be the second derivative of -2/3*w**3 + 0 - 1/2*w**2 + 4*w. Determine y(-2).
7
Let o(b) = -2*b**3 - b**2 + 5*b + 6. Let u be o(-3). Suppose -t - 4*t = 15. Let d be (u/(-3))/t + 1. Let f(r) = r - 3. Calculate f(d).
2
Let y(s) = -s**3 + 3*s**2 + 1. Suppose f = -3*f + 3*u + 12, 3*u = -3*f + 9. Let h be y(f). Let k(v) = 2*v - 7 + h - 5 + 2. Calculate k(6).
3
Let i = 3 + -6. Let l be 2*1*i*-1. Let t(y) = -6*y**2 + 10*y + 17. Let g(n) = 5*n**2 - 9*n - 15. Let b(z) = 5*g(z) + 4*t(z). What is b(l)?
-1
Let u(j) = -j**3 + 11*j**2 - 3*j - 2. Let v(n) = -n**2. Let f(d) = -u(d) - 6*v(d). Suppose 14*i = 12*i + 8. Let w be (-8)/i + (4 - -1). Give f(w).
-7
Let j(m) = -m**2 - 4*m + 7. Let a be j(-5). Suppose 4*o = 2*l + 6, -2*l = a*l + 2*o - 18. Let i(d) = 2 + l + 4 - d - d. What is i(6)?
-3
Let j(b) be the second derivative of b**3/6 + 13*b**2/2 - 7*b - 2. Determine j(-4).
9
Let i be 17 - (-1 + (-1)/1). Let j(w) = -9*w - 4 - 14*w - 5 + i*w. Determine j(-6).
15
Let c(t) = 2*t + 1. Suppose -w - 2 = -5*d + 21, 5*w = -2*d + 20. Suppose 5*m = 2*p - d*p - 4, 8 = -5*m - p. What is c(m)?
-3
Let y(f) = 3*f - 11. Let o be ((-4)/5)/(3/(-30)). Give y(o).
13
Suppose 15*l = 13*l + 4. Let k(g) = 5 - l - 3*g + 4 - 3. Calculate k(3).
-5
Let c(x) = -x + 8. Let i(r) = r - 12. Let m(y) = 2*y - 23. Let h(b) = 5*i(b) - 3*m(b). Let o(j) = 4*c(j) - 5*h(j). Let q be (2 - (1 - -2))*0. Give o(q).
-13
Let o(b) be the first derivative of -2*b**3/3 - 3*b**2/2 + b + 1. Let j = 43 - 11. Let p = 29 - j. Calculate o(p).
-8
Let y(p) be the second derivative of -p**6/120 - p**5/12 - p**3 + 13*p**2/2 + 3*p. Let n(v) be the first derivative of y(v). Calculate n(-5).
-6
Let h(b) = -5*b**3 - b**2 + 1. Let i = 73 + -70. Suppose 3 = 2*x - 4*c + i*c, -5*c - 5 = 0. Determine h(x).
-5
Let y(f) be the first derivative of -9*f**3 - f**2/2 - 193. What is y(-1)?
-26
Let u(b) = 0*b - 3*b**3 - 2*b + 0 + 2. Let s be -1*2*2 - -1. Let x(q) = -2*q**3 - q**2 - q + 1. Let j(f) = s*u(f) + 4*x(f). What is j(3)?
-5
Let z(x) = 4*x - 7. Let l(v) = -v**3 + 11*v**2 - 16*v - 16. Let g be l(9). Suppose -u + 18 = g*u + 3*p, -13 = -2*u - 3*p. What is z(u)?
13
Let r(m) = -10 + 2*m**3 - 8 - m**3 + 11. Let q(z) = -z**3 + z**2 + 2*z. Let a be q(2). Calculate r(a).
-7
Suppose -3*s + 23 = -2*r, 0 = -2*r - 2*r - 16. Suppose -s*b = 6*f - 3*f + 24, 0 = 2*f + 6. Let q(g) = 2*g + 1. Determine q(b).
-5
Let d = 79 + -67. Suppose -31 - 29 = -d*w. Let a(c) = c**3 - 6*c**2 + 3*c + 4. Determine a(w).
-6
Let b(u) = -u**2 + 3*u - 2. Let a(s) = -2*s**3 + 30*s**2 - 30*s + 34. Let r be a(14). Give b(r).
-20
Let o(u) = 3*u**3 + 6*u**2 + 14*u + 10. Let m(c) = c**3 - c**2 + c. Let i(n) = 4*m(n) - o(n). Let s be i(11). Let k(b) = b - b + s + 4 + b. What is k(5)?
10
Let p(q) be the third derivative of -q**4/12 - 7*q**3/6 + q**2. Let i = 14 - -6. Suppose 0 = -7*b + 3*b - i. What is p(b)?
3
Let p = 67 + -65. Let i(c) = 4*c + 5 + c**3 - 8 + 5*c**p + 7. Calculate i(-4).
4
Let n(a) = 5*a**2 + 20*a - a**2 - 16*a - 6 - 5*a**2. What is n(3)?
-3
Let v(d) be the first derivative of d**5/60 - 5*d**4/24 + 19*d**3/3 + 13. Let y(s) be the third derivative of v(s). What is y(7)?
9
Suppose 5*r + v = 0, -23*r + 18*r = -5*v. Let k(u) = u**2 + 5*u + 5. Calculate k(r).
5
Let k(p) = -p**2 - 7*p. Suppose 0 = -5*b + 15, 2*l - 3*b = 3*l - 1. Give k(l).
-8
Let t(o) be the first derivative of -o**2/2 + 4*o - 3. Suppose 36 = 7*b + 2*b. Calculate t(b).
0
Let y = -30 - -36. Let g(f) = -f**2 + 5*f + 5. What is g(y)?
-1
Let n(u) = 14*u. Let l be 284/16 + (-3)/4. Let d = -18 + l. Determine n(d).
-14
Let f(v) = v**3 - 3*v**2 + 5*v - 2. Suppose 17*g - 29 = 5. Give f(g).
4
Let p(d) be the first derivative of -8*d**3 + 1. Suppose -1 = -122*m + 121*m. Give p(m).
-24
Let j be (-296)/6 + (-10)/15. Let n be 4/18 - j/(-225). Let q(s) = s + 1. Calculate q(n).
1
Let w(v) = -v**2 + 6*v + 4. Let s = 19 - 15. Suppose s*j = -0*j + k + 30, 4*k - 6 = -2*j. Let m be j*4*(-1)/(-4). Determine w(m).
-3
Let o(x) = 6*x**2 - x + 2. Let c = -240 - -241. Give o(c).
7
Let r be ((-61)/(-9) - (-22)/99) + -4. Let i(o) = -2*o + 4. Determine i(r).
-2
Let h(j) be the first derivative of -j - 4 - 3 - 15*j**2 + 1 + 3. Determine h(1).
-31
Let p(d) be the first derivative of -d**4/4 + 5*d**3/3 + d**2 + 4*d + 2. Suppose 5*z - 196 = 4*g, z - 3*g = 3*z - 83. Let k be (-2)/4*z/(-4). Give p(k).
14
Let a(h) = -2*h - 5. Let u be 0*(9 + -3 - 5). Give a(u).
-5
Let m(w) be the first derivative of w**5/60 - w**4/24 + w**3/6 - 5*w**2 + 16. Let c(l) be the second derivative of m(l). Determine c(0).
1
Let l(n) = -n**2 + n + 10. Let m be l(-4). Let s = -14 - -13. Let i be (m + 0)*s/(-2). Let y(v) = -v**3 - 4*v**2 + 3*v - 5. What is y(i)?
5
Let k(l) = -4*l + 157 - 305 + l**3 - 2*l**2 + 152. Suppose 0 = -2*p + p + 3. Determine k(p).
1
Let c = -4091/12 - -341. Let a(g) be the second derivative of -c*g**4 + 5/2*g**2 + 2*g + 5/6*g**3 + 0. Calculate a(6).
-1
Let i(d) = -5*d**3 + 2*d**2 + d. Suppose k = -10 + 32. Let m = -23 + k. What is i(m)?
6
Let p be (-3)/((-27)/(-24))*6/(-4). Suppose -3*v + p = 2*f + 3, 0 = 5*f - 3*v + 8. Let g(m) = 19*m**3. What is g(f)?
-19
Let w(j) = -j**3 + 4*j**2 - 5*j + 3. Let m be w(3). Let f(c) = c + 1. Let z(g) = -5*g - 1. Let y(r) = -4*f(r) - z(r). Determine y(m).
-6
Suppose -20*t - 18 = -24*t + 2*q, -9 = 3*q. Let d(f) = -3*f**2. Let g(v) = -16*v**2. Let m(j) = -11*d(j) + 2*g(j). Calculate m(t).
9
Let v(j) = -9*j**2 + 9*j - 10. Let r(n) = -4*n**2 + 4*n - 4. Let y(h) = 7*r(h) - 3*v(h). Calculate y(3).
-4
Let z(r) = 3 - 20*r**2 - 15*r**2 + 32*r**2. Let c(m) = m**2 - 1. Let h(b) = -4*c(b) - 2*z(b). Give h(-3).
16
Let o(t) = t**2 + 3 - 2 - 2 - 2*t. Let p be o(-1). Let v(r) = -p + r - 3 - 1 - 1. Calculate v(6).
-1
Let z(q) = -3*q + 5. Let j be z(4). Let n = j + 8. Let m(y) = y**3. Let b(p) = 5*p**3 - 2*p**2 + p. Let c(d) = b(d) - m(d). Give c(n).
3
Let z(v) = -3*v**2 - 11*v - 22. Let p(g) = -2*g**2 - 3*g - 11. Let c(t) = 7*p(t) - 4*z(t). Give c(12).
-1
Suppose -5*j + 9 = -1. Suppose v + j = -2. Let r(l) be the second derivative of -l**5/20 - 5*l**4/12 - l**3/3 + 2*l**2 - l. Give r(v).
-4
Suppose 0*p + p - 4 = 0. Let h(q) be the third derivative of q**5/60 - q**4/24 + q**3/6 + 798*q**2 + q. Calculate h(p).
13
Let s(i) be the third derivative of 3*i**4/8 - 11*i**3/2 - 54*i**2 + i. Calculate s(3).
-6
Let v(f) = 4*f**2 - f + 19. Let k be v(4). Suppose 8 = k*t - 77*t. Let d(z) = -z**3 + 4*z**2 - z - 3. Give d(t).
-7
Let r be ((-88)/(-110))/(4/10). Let p(t) = -6*t**3 + 2*t**2. Determine p(r).
-40
Let c(s) = s + 15. Let d be c(-18). Let z(m) = 4*m + 6. Let o be z(d). Let k = o + 12. Let j(f) = f - 6. Give j(k).
0
Let s be 1/1 + -15 + 14. Let x(d) = 4*d**3 - d**2 - 2*d + 18. Let b(l) = 5*l**3 - l**2 - 3*l + 19. Let g(f) = -3*b(f) + 4*x(f). Give g(s).
15
Let t(y) = 16 - 5*y**3 + 2*y**2 + 8 - 28 + 6*y**3 - y. Let n be 1 - (0 - (-1 - -3)). Suppose 4*x = -3*l - 19 + 1, -3*x = n*l + 15. Give t(x).
-10
Suppose -4*a + 16 = 3*c - 10, -4*c - 17 = -5*a. Let b(m) = c*m - 6*m - 49*m**3 + 4 - 7*m**2 + 19*m**3 + 29*m**3. Determine b(-6).
-8
Let l = -3 + 2. Let o(p) be the third derivative of p**5/10 + p**4/24 + 87*p**2. Calculate o(l).
5
Let n(l) = 17186*l - 8597*l - 8590*l + 10. Give n(0).
10
Let i(r) = -r**3 + 7*r**2 - 5*r + 4. Suppose 5*q + g + 126 - 491 = 0, q = 2*g + 62. Let j = q + -66. Give i(j).
10
Let g be (70/4)/(-7) + 1/(-2). Let c(s) = -2*s - 69 + 6*s + 76. Calculate c(g).
-5
Suppose 3*m - r